alculate m(u).
-1
Let g(r) be the second derivative of -r**5/20 + r**3/6 - r**2 - 8*r. Give g(0).
-2
Suppose 5*b - 31 = 14. Let a = -10 + b. Let m(n) = 7*n**3 - 4*n**2 - 6*n + 4. Let r(u) = 7*u**3 - 5*u**2 - 7*u + 5. Let s(o) = -6*m(o) + 5*r(o). Calculate s(a).
6
Let s(t) be the third derivative of t**6/120 + t**5/10 + t**4/6 - t**3/6 + 22*t**2. Determine s(-3).
14
Let d(v) = 5*v - 3. Let z(p) = 10*p - 2*p**2 + 9 + p**2 + 2*p**2. Let u be z(-6). Let j be ((-5)/u)/((-1)/(-6)). What is d(j)?
7
Let o(b) = -28*b - 4 + 0 + 0 + 27*b + b**2. Suppose 0*i - 8 = -2*i. What is o(i)?
8
Let q(g) = 2*g**2 + 7*g**2 + 1 + 7*g + g**3 - 13*g**2 - 2*g**3. Give q(-5).
-9
Let f(v) = v**3 + 5*v**2 - v. Let q(b) = -4*b**2 - 1 - 2*b + 0 - 2*b**2. Let x be q(-1). Give f(x).
5
Let f(i) = -i**2 - 6*i + 2. Let n = 56 - 62. Determine f(n).
2
Let g(f) = 3*f + 2. Let l = 25 + -20. What is g(l)?
17
Let s(b) be the third derivative of b**5/60 + 5*b**4/24 + 5*b**3/6 + 29*b**2. What is s(-4)?
1
Let z(x) = -7*x + 0*x - 1 + 6 + 6*x. Calculate z(8).
-3
Let g = 1 + 3. Let s = 4 + g. Suppose s = v + v. Let b(m) = -m**3 + 4*m**2 - m + 4. Give b(v).
0
Let n(f) = -4*f + 5*f - 2 + f**3 - 1 - 3*f**2. Let g(i) = -3*i - 9. Let u(b) = 24*b + 72. Let w(t) = 33*g(t) + 4*u(t). Let d be w(-4). Give n(d).
0
Let z(n) = n**2 - 4*n + 3. Let q be z(5). Let b(o) = 0*o**3 - 7*o**2 + q*o + 7 - o + o**3. Determine b(6).
13
Let y = 10 - 7. Let b(h) be the third derivative of h**2 + 0*h + 1/8*h**4 + 0 - 2/3*h**3 - 1/120*h**6 + 1/30*h**5. Give b(y).
-4
Let z(o) = o**3 - 2*o**2 + 4*o - 3. Let l(p) = p**2 + 2*p + 1. Let a be l(-3). Suppose -a = -4*v + 2*v. Determine z(v).
5
Let u(p) = -10*p - 5*p**2 - 6 - 19*p + 4*p**2 + 20*p. Give u(-6).
12
Let b(o) = 3*o**3 + 1. Let z(q) = -q**3 - 9*q**2 + 6*q + 9. Let h be z(-9). Let f be h/(-3)*(-2)/(-3). Let l = -9 + f. Determine b(l).
4
Let a(v) = -3*v + 1. Suppose -3*z - 3*i = -18, 2*z = -0*z + 2*i + 4. Determine a(z).
-11
Let a(f) be the first derivative of f**2/2 + 1. Suppose 8 = -5*q - 2*n, -12 = 3*q + 2*q - 2*n. Let u be a(q). Let h(v) = v + 4. Give h(u).
2
Let p(s) = 2*s**2 - 4*s - 11. Let f(y) = -3*y**2 + 6*y + 17. Let h(z) = 5*f(z) + 8*p(z). Determine h(3).
0
Let s(r) = -r**3 + 8*r**2 - 8*r + 10. Let q be s(7). Let c(d) = d**2 + 1 - 5*d**2 + 2 + d**q. Give c(3).
-6
Let u(r) = r**2. Let m(g) = 4*g + 2*g - 1 - 2*g**2 - 5*g. Let p(f) = -m(f) + 2*u(f). Determine p(1).
4
Let o(v) be the second derivative of -v**7/840 - v**6/72 + v**5/24 - v**4/24 + v**3/2 + v. Let r(i) be the second derivative of o(i). What is r(-6)?
5
Suppose 0 = 5*f - 3*g + 9, -3*g + 9 = 2*f - f. Let k(d) = -d**2 + 2*d + 2. Let r be k(f). Let b(m) = -2*m - 2. Give b(r).
-6
Let n(m) be the first derivative of -m**6/360 - m**5/40 + m**4/4 - 10*m**3/3 - 10. Let c(l) be the third derivative of n(l). Calculate c(-5).
-4
Let x(l) = -13 - 13 - 8 + 8*l + 30 - l**2. Calculate x(6).
8
Let w(g) = g**3 - g**2 - 7. Suppose -5*n + 3*q + 26 = 0, 0*q + 20 = 4*n - 2*q. Suppose 0 = f + n*f. Calculate w(f).
-7
Let g(s) = s**2 + 11*s - 3. Let l be g(-11). Let q(u) = -u**3 - 5*u**2 - 3*u + 3. Calculate q(l).
-6
Let h be 1*(-3)/(-3)*1. Let z(m) = 3*m - 1 + h - 1. Calculate z(-1).
-4
Let l(k) be the third derivative of -k**7/120 - k**6/360 - k**5/60 - k**4/24 + k**3/2 + 2*k**2. Let s(g) be the first derivative of l(g). Determine s(-1).
7
Let j(p) = -p**2 - p - 1. Let o = 94 - 94. What is j(o)?
-1
Let z(c) = 2*c + 5. Let s = 2 - 0. Suppose -s*a + 77 - 16 = 5*h, -4*h + 59 = 5*a. Suppose -h = -5*y + 4*y - 4*w, y - 4*w + 21 = 0. Give z(y).
-5
Let m(o) be the third derivative of -o**4/4 + o**3/6 - 9*o**2. Determine m(1).
-5
Suppose 0 = -q + 3*n + 12 + 11, 3*q = -2*n + 14. Suppose 2 = o + o, 4*o = -4*c - q. Let k(p) = 2*p. Give k(c).
-6
Let x(z) be the first derivative of -z**3/3 + 3*z**2/2 + 5*z + 8. Let i(j) = -j**2 + 5*j. Let o be i(4). Determine x(o).
1
Let k(j) = -j**3 + j. Let o = 2 + -1. Suppose 0 = -q - o - 1. Determine k(q).
6
Suppose 7*g - 11*g = 16. Let p(s) be the second derivative of -s**5/20 - s**4/4 + s**3/6 + s**2/2 - s. Give p(g).
13
Suppose -2*s + 5*d - 4*d = -7, 0 = -s - 4*d + 8. Let n(a) = -s + 2 + 0 + 1 + a**2 - a. Give n(3).
5
Let a(b) = b**2 + 6*b + 1. Let y(g) = g - 12. Let f be y(6). Let j(v) = v + 2. Let x be j(f). What is a(x)?
-7
Let k(n) = -n**3 + 2*n + 1. Let z be k(2). Let m(a) = 6*a**2 - 5*a + 5. Let c(g) = -5*g**2 + 4*g - 4. Let h(s) = z*m(s) - 4*c(s). Determine h(2).
7
Let m(u) = 0 + 1 - u**2 + u + 4*u. What is m(4)?
5
Let a(h) be the second derivative of 1/3*h**3 + 5/2*h**2 + 0 - 1/20*h**5 - 3*h - 1/3*h**4. Let o = 6 + -10. Determine a(o).
-3
Suppose -45 = -5*q + 35. Let k = q + -14. Let s(g) = 1 + 2*g**3 + 1 - 3*g**3. Calculate s(k).
-6
Let r(v) = -1 + 2 + 2*v - 3*v. Let y(w) = w**2 + 9*w + 10. Let j be y(-8). Suppose -3*o + 5 + 5 = -k, -j*k = -2*o. Calculate r(k).
-4
Let m(g) be the first derivative of 1/24*g**4 + 0*g + 1/6*g**5 - g**2 + 3 - 1/6*g**3. Let d(c) be the second derivative of m(c). What is d(1)?
10
Let h(g) = -g - 9. Let t be h(-5). Let q(y) = y**3 + 3*y**2 - 2*y - 6. Determine q(t).
-14
Let z = -3 - -5. Suppose 2*p = -4*s + 6, 5*s - 2*s + 3*p = 3. Let m(n) = 5*n - 1 - 4 - z*n**s - n**3 + 6*n**2. Determine m(5).
-5
Let m(v) = -10*v**2 + 5 + 5*v**2 - v**2 + 5*v**2 + 5*v. Calculate m(5).
5
Let g(d) be the third derivative of d**6/120 + 3*d**5/20 + d**4/3 + 4*d**3/3 - 27*d**2. Give g(-8).
8
Let g(h) be the third derivative of h**6/120 + h**5/20 + h**4/24 - h**3/6 - 3*h**2. Give g(-3).
-4
Suppose 4*y + 3*h - 23 = 0, -2*y + 0*h - 2*h + 14 = 0. Suppose -3 = -3*u + y*u. Let n(p) = 3 - 4 - u*p + 2. Determine n(-1).
4
Let t(q) = q**3 - 5*q**2 - 8*q + 9. Suppose -2*f - 24 = f. Let r = f + 3. Let w = 1 - r. Calculate t(w).
-3
Let k(m) = 2 - 21*m - 1 + 3*m**2 + 22*m. Determine k(-1).
3
Let n(r) be the second derivative of 0 - 1/2*r**2 - 7/12*r**4 + 2*r - 1/3*r**3. Give n(-1).
-6
Let f(n) = n**2 + 3*n - 4. Let m be f(-3). Let w(z) = -3 - 9 - z + 5 + 4. Calculate w(m).
1
Let z(k) be the third derivative of k**5/60 - k**4/3 + 2*k**3/3 - 15*k**2. Calculate z(8).
4
Let p(h) be the third derivative of 0*h + 1/24*h**4 + 0 + 4*h**2 + 1/6*h**3. Let n = 1 - 1. Give p(n).
1
Let w(t) = -t - 4. Suppose -8 = 3*g - 5*g. Give w(g).
-8
Let a(v) = -2*v + v - 1 + 0*v + 2*v. Let r(x) = 3*x**2 - x. Let s be r(-1). Let t = -3 + s. What is a(t)?
0
Let s(c) = -c**2 - 4*c - 3. Let l be 28/(-8)*8/(-7). Suppose -q = -l*q - 9. Calculate s(q).
0
Let o(n) = -n - 8. Let i(y) = 1. Let c(f) = 6*i(f) + o(f). Calculate c(4).
-6
Let o(b) = b**2 - 3 - b + 5*b - 1. Give o(-4).
-4
Suppose -4*m = 1 - 5. Let i(f) = -4*f + 1. What is i(m)?
-3
Let b = 93 - 95. Let r(f) = -2*f - 3. Calculate r(b).
1
Let t(g) = -9*g + 1. Suppose -v - 9 = -5*o, -4*o + v = 4*v - 11. What is t(o)?
-17
Let h(c) = c**2 - c**3 - 1 - c**3 + 0 + c. Suppose 0 = -3*d + 2*d. Suppose 3*p + 2*p = -3*r - 22, d = -2*p - 10. Give h(r).
-1
Let t(u) = 1. Let b(j) = 3*j - 5. Let s(o) = -b(o) - 4*t(o). Let w = 1 + 0. Determine s(w).
-2
Let d be -4*(3/(-2) - -1). Let t(y) be the second derivative of -y**3/2 + y**2/2 + 4*y. Let q be t(d). Let x(n) = n**3 + 6*n**2 + 6*n + 7. Give x(q).
2
Let c(f) = -f**2 - 4*f + 5. Let z(t) = t + 2. Let s be z(7). Suppose 2*p = 1 - s. Determine c(p).
5
Let w(b) = -7*b**3 + b**2 - 1. Let i(l) = -2*l + 27. Let o be i(13). Calculate w(o).
-7
Let m be (-30 - -28) + 16/2. Let r(z) = -z**3 + 5*z**2 + 8*z - 9. Calculate r(m).
3
Let t(d) = d**2 + 7*d + 3. Let v be t(-5). Let a(u) = 4*u + 1. Let k(c) = 7*c + 2. Let p(m) = v*a(m) + 3*k(m). What is p(-2)?
13
Suppose -n - 2*n = -12. Suppose -3*o + 0 = 6, -5*y + 18 = -4*o. Let j(q) = -q - 5*q - q**y + n*q - 1. Calculate j(-3).
-4
Let s be (-76)/(-16) + 4/16. Let w(x) be the second derivative of x**6/720 + x**4/12 + 2*x. Let p(j) be the third derivative of w(j). What is p(s)?
5
Let v(n) = 6*n + 5. Let d(f) = -13*f - 11. Let y(g) = 4*d(g) + 9*v(g). Give y(2).
5
Let f(y) = -y**2 - 1 + 2 + 6 + 12*y - 17*y. Give f(-6).
1
Let m = 8 - -3. Let s(z) = z**2 - 12*z + 9. Let h be s(m). Let n(y) = y**3 + 2*y**2 + 2. Calculate n(h).
2
Let n(h) be the first derivative of 9*h**4/4 - h**2 + h + 1. Let m(i) = i**2 + 6*i - 6. Let s be m(-7). Give n(s).
8
Let y(o) = 6*o + 3. Let i = 16 - 18. Determine y(i).
-9
Let c(